{"id":2255,"date":"2024-07-28T19:30:13","date_gmt":"2024-07-28T18:30:13","guid":{"rendered":"https:\/\/rachidacouture.com\/home\/?post_type=product&#038;p=2255"},"modified":"2025-07-20T18:45:01","modified_gmt":"2025-07-20T17:45:01","slug":"karakou-%f0%9f%87%a9%f0%9f%87%bf-2","status":"publish","type":"product","link":"https:\/\/rachidacouture.com\/home\/product\/karakou-%f0%9f%87%a9%f0%9f%87%bf-2\/","title":{"rendered":"Badroune  \ud83c\udde9\ud83c\uddff"},"content":{"rendered":"<p>*Karakou avec Badroun : \u00c9l\u00e9gance Traditionnelle Alg\u00e9rienne**<\/p>\n<p>D\u00e9couvrez l\u2019\u00e9l\u00e9gance intemporelle du Karakou avec Badroun, un ensemble embl\u00e9matique du patrimoine vestimentaire alg\u00e9rien. Le Karakou, une veste courte et raffin\u00e9e, est magnifiquement brod\u00e9 de motifs complexes avec des fils d\u2019or ou d\u2019argent, incarnant l\u2019artisanat traditionnel et le luxe. Port\u00e9 avec un Badroun , cet ensemble est id\u00e9al pour les occasions sp\u00e9ciales telles que les mariages et les c\u00e9r\u00e9monies.<\/p>\n","protected":false},"excerpt":{"rendered":"<p>*Karakou avec Badroun : \u00c9l\u00e9gance Traditionnelle Alg\u00e9rienne** D\u00e9couvrez l\u2019\u00e9l\u00e9gance intemporelle du Karakou avec Badroun, un ensemble embl\u00e9matique du patrimoine vestimentaire alg\u00e9rien. Le Karakou, une veste courte et raffin\u00e9e, est magnifiquement brod\u00e9 de motifs complexes avec des fils d\u2019or ou d\u2019argent, incarnant l\u2019artisanat traditionnel et le luxe. Port\u00e9 avec un Badroun , cet ensemble est id\u00e9al [&hellip;]<\/p>\n","protected":false},"featured_media":2252,"comment_status":"open","ping_status":"closed","template":"","meta":{"site-sidebar-layout":"default","site-content-layout":"","ast-site-content-layout":"","site-content-style":"default","site-sidebar-style":"default","ast-global-header-display":"","ast-banner-title-visibility":"","ast-main-header-display":"","ast-hfb-above-header-display":"","ast-hfb-below-header-display":"","ast-hfb-mobile-header-display":"","site-post-title":"","ast-breadcrumbs-content":"","ast-featured-img":"","footer-sml-layout":"","theme-transparent-header-meta":"","adv-header-id-meta":"","stick-header-meta":"","header-above-stick-meta":"","header-main-stick-meta":"","header-below-stick-meta":"","astra-migrate-meta-layouts":"default","ast-page-background-enabled":"default","ast-page-background-meta":{"desktop":{"background-color":"","background-image":"","background-repeat":"repeat","background-position":"center center","background-size":"auto","background-attachment":"scroll","background-type":"","background-media":"","overlay-type":"","overlay-color":"","overlay-gradient":""},"tablet":{"background-color":"","background-image":"","background-repeat":"repeat","background-position":"center center","background-size":"auto","background-attachment":"scroll","background-type":"","background-media":"","overlay-type":"","overlay-color":"","overlay-gradient":""},"mobile":{"background-color":"","background-image":"","background-repeat":"repeat","background-position":"center center","background-size":"auto","background-attachment":"scroll","background-type":"","background-media":"","overlay-type":"","overlay-color":"","overlay-gradient":""}},"ast-content-background-meta":{"desktop":{"background-color":"var(--ast-global-color-5)","background-image":"","background-repeat":"repeat","background-position":"center center","background-size":"auto","background-attachment":"scroll","background-type":"","background-media":"","overlay-type":"","overlay-color":"","overlay-gradient":""},"tablet":{"background-color":"var(--ast-global-color-5)","background-image":"","background-repeat":"repeat","background-position":"center center","background-size":"auto","background-attachment":"scroll","background-type":"","background-media":"","overlay-type":"","overlay-color":"","overlay-gradient":""},"mobile":{"background-color":"var(--ast-global-color-5)","background-image":"","background-repeat":"repeat","background-position":"center center","background-size":"auto","background-attachment":"scroll","background-type":"","background-media":"","overlay-type":"","overlay-color":"","overlay-gradient":""}}},"product_cat":[15,42,44],"product_tag":[],"acf":[],"yoast_head":"<!-- This site is optimized with the Yoast SEO plugin v22.2 - https:\/\/yoast.com\/wordpress\/plugins\/seo\/ -->\n<title>Badroune \ud83c\udde9\ud83c\uddff - Rachida Couture<\/title>\n<meta name=\"robots\" content=\"index, follow, max-snippet:-1, max-image-preview:large, max-video-preview:-1\" \/>\n<link rel=\"canonical\" href=\"https:\/\/rachidacouture.com\/home\/product\/karakou-\ud83c\udde9\ud83c\uddff-2\/\" \/>\n<meta property=\"og:locale\" content=\"fr_FR\" \/>\n<meta property=\"og:type\" content=\"article\" \/>\n<meta property=\"og:title\" content=\"Badroune \ud83c\udde9\ud83c\uddff - Rachida Couture\" \/>\n<meta property=\"og:description\" content=\"*Karakou avec Badroun : \u00c9l\u00e9gance Traditionnelle Alg\u00e9rienne** D\u00e9couvrez l\u2019\u00e9l\u00e9gance intemporelle du Karakou avec Badroun, un ensemble embl\u00e9matique du patrimoine vestimentaire alg\u00e9rien. Le Karakou, une veste courte et raffin\u00e9e, est magnifiquement brod\u00e9 de motifs complexes avec des fils d\u2019or ou d\u2019argent, incarnant l\u2019artisanat traditionnel et le luxe. Port\u00e9 avec un Badroun , cet ensemble est id\u00e9al [&hellip;]\" \/>\n<meta property=\"og:url\" content=\"https:\/\/rachidacouture.com\/home\/product\/karakou-\ud83c\udde9\ud83c\uddff-2\/\" \/>\n<meta property=\"og:site_name\" content=\"Rachida Couture\" \/>\n<meta property=\"article:publisher\" content=\"https:\/\/www.facebook.com\/RAchidacoutureR\/\" \/>\n<meta property=\"article:modified_time\" content=\"2025-07-20T17:45:01+00:00\" \/>\n<meta property=\"og:image\" content=\"https:\/\/i0.wp.com\/rachidacouture.com\/wp-content\/uploads\/2025\/07\/76b4626e-644e-408b-93cf-35bc4d8b40f6.jpeg?fit=1320%2C2346&ssl=1\" \/>\n\t<meta property=\"og:image:width\" content=\"1320\" \/>\n\t<meta property=\"og:image:height\" content=\"2346\" \/>\n\t<meta property=\"og:image:type\" content=\"image\/jpeg\" \/>\n<meta name=\"twitter:card\" content=\"summary_large_image\" \/>\n<script type=\"application\/ld+json\" class=\"yoast-schema-graph\">{\"@context\":\"https:\/\/schema.org\",\"@graph\":[{\"@type\":\"WebPage\",\"@id\":\"https:\/\/rachidacouture.com\/home\/product\/karakou-%f0%9f%87%a9%f0%9f%87%bf-2\/\",\"url\":\"https:\/\/rachidacouture.com\/home\/product\/karakou-%f0%9f%87%a9%f0%9f%87%bf-2\/\",\"name\":\"Badroune \ud83c\udde9\ud83c\uddff - Rachida Couture\",\"isPartOf\":{\"@id\":\"https:\/\/rachidacouture.com\/home\/#website\"},\"primaryImageOfPage\":{\"@id\":\"https:\/\/rachidacouture.com\/home\/product\/karakou-%f0%9f%87%a9%f0%9f%87%bf-2\/#primaryimage\"},\"image\":{\"@id\":\"https:\/\/rachidacouture.com\/home\/product\/karakou-%f0%9f%87%a9%f0%9f%87%bf-2\/#primaryimage\"},\"thumbnailUrl\":\"https:\/\/i0.wp.com\/rachidacouture.com\/wp-content\/uploads\/2024\/07\/5513fe4f-1ea8-4593-a090-5f90b08d8775.jpeg?fit=1284%2C2282&ssl=1\",\"datePublished\":\"2024-07-28T18:30:13+00:00\",\"dateModified\":\"2025-07-20T17:45:01+00:00\",\"breadcrumb\":{\"@id\":\"https:\/\/rachidacouture.com\/home\/product\/karakou-%f0%9f%87%a9%f0%9f%87%bf-2\/#breadcrumb\"},\"inLanguage\":\"fr-FR\",\"potentialAction\":[{\"@type\":\"ReadAction\",\"target\":[\"https:\/\/rachidacouture.com\/home\/product\/karakou-%f0%9f%87%a9%f0%9f%87%bf-2\/\"]}]},{\"@type\":\"ImageObject\",\"inLanguage\":\"fr-FR\",\"@id\":\"https:\/\/rachidacouture.com\/home\/product\/karakou-%f0%9f%87%a9%f0%9f%87%bf-2\/#primaryimage\",\"url\":\"https:\/\/i0.wp.com\/rachidacouture.com\/wp-content\/uploads\/2024\/07\/5513fe4f-1ea8-4593-a090-5f90b08d8775.jpeg?fit=1284%2C2282&ssl=1\",\"contentUrl\":\"https:\/\/i0.wp.com\/rachidacouture.com\/wp-content\/uploads\/2024\/07\/5513fe4f-1ea8-4593-a090-5f90b08d8775.jpeg?fit=1284%2C2282&ssl=1\",\"width\":1284,\"height\":2282},{\"@type\":\"BreadcrumbList\",\"@id\":\"https:\/\/rachidacouture.com\/home\/product\/karakou-%f0%9f%87%a9%f0%9f%87%bf-2\/#breadcrumb\",\"itemListElement\":[{\"@type\":\"ListItem\",\"position\":1,\"name\":\"Accueil\",\"item\":\"https:\/\/rachidacouture.com\/home\/\"},{\"@type\":\"ListItem\",\"position\":2,\"name\":\"Shop\",\"item\":\"https:\/\/rachidacouture.com\/home\/shop\/\"},{\"@type\":\"ListItem\",\"position\":3,\"name\":\"Badroune \ud83c\udde9\ud83c\uddff\"}]},{\"@type\":\"WebSite\",\"@id\":\"https:\/\/rachidacouture.com\/home\/#website\",\"url\":\"https:\/\/rachidacouture.com\/home\/\",\"name\":\"Rachida Couture\",\"description\":\"\",\"potentialAction\":[{\"@type\":\"SearchAction\",\"target\":{\"@type\":\"EntryPoint\",\"urlTemplate\":\"https:\/\/rachidacouture.com\/home\/?s={search_term_string}\"},\"query-input\":\"required name=search_term_string\"}],\"inLanguage\":\"fr-FR\"}]}<\/script>\n<!-- \/ Yoast SEO plugin. -->","yoast_head_json":{"title":"Badroune \ud83c\udde9\ud83c\uddff - Rachida Couture","robots":{"index":"index","follow":"follow","max-snippet":"max-snippet:-1","max-image-preview":"max-image-preview:large","max-video-preview":"max-video-preview:-1"},"canonical":"https:\/\/rachidacouture.com\/home\/product\/karakou-\ud83c\udde9\ud83c\uddff-2\/","og_locale":"fr_FR","og_type":"article","og_title":"Badroune \ud83c\udde9\ud83c\uddff - Rachida Couture","og_description":"*Karakou avec Badroun : \u00c9l\u00e9gance Traditionnelle Alg\u00e9rienne** D\u00e9couvrez l\u2019\u00e9l\u00e9gance intemporelle du Karakou avec Badroun, un ensemble embl\u00e9matique du patrimoine vestimentaire alg\u00e9rien. Le Karakou, une veste courte et raffin\u00e9e, est magnifiquement brod\u00e9 de motifs complexes avec des fils d\u2019or ou d\u2019argent, incarnant l\u2019artisanat traditionnel et le luxe. Port\u00e9 avec un Badroun , cet ensemble est id\u00e9al [&hellip;]","og_url":"https:\/\/rachidacouture.com\/home\/product\/karakou-\ud83c\udde9\ud83c\uddff-2\/","og_site_name":"Rachida Couture","article_publisher":"https:\/\/www.facebook.com\/RAchidacoutureR\/","article_modified_time":"2025-07-20T17:45:01+00:00","og_image":[{"width":1320,"height":2346,"url":"https:\/\/i0.wp.com\/rachidacouture.com\/wp-content\/uploads\/2025\/07\/76b4626e-644e-408b-93cf-35bc4d8b40f6.jpeg?fit=1320%2C2346&ssl=1","type":"image\/jpeg"}],"twitter_card":"summary_large_image","schema":{"@context":"https:\/\/schema.org","@graph":[{"@type":"WebPage","@id":"https:\/\/rachidacouture.com\/home\/product\/karakou-%f0%9f%87%a9%f0%9f%87%bf-2\/","url":"https:\/\/rachidacouture.com\/home\/product\/karakou-%f0%9f%87%a9%f0%9f%87%bf-2\/","name":"Badroune \ud83c\udde9\ud83c\uddff - Rachida Couture","isPartOf":{"@id":"https:\/\/rachidacouture.com\/home\/#website"},"primaryImageOfPage":{"@id":"https:\/\/rachidacouture.com\/home\/product\/karakou-%f0%9f%87%a9%f0%9f%87%bf-2\/#primaryimage"},"image":{"@id":"https:\/\/rachidacouture.com\/home\/product\/karakou-%f0%9f%87%a9%f0%9f%87%bf-2\/#primaryimage"},"thumbnailUrl":"https:\/\/i0.wp.com\/rachidacouture.com\/wp-content\/uploads\/2024\/07\/5513fe4f-1ea8-4593-a090-5f90b08d8775.jpeg?fit=1284%2C2282&ssl=1","datePublished":"2024-07-28T18:30:13+00:00","dateModified":"2025-07-20T17:45:01+00:00","breadcrumb":{"@id":"https:\/\/rachidacouture.com\/home\/product\/karakou-%f0%9f%87%a9%f0%9f%87%bf-2\/#breadcrumb"},"inLanguage":"fr-FR","potentialAction":[{"@type":"ReadAction","target":["https:\/\/rachidacouture.com\/home\/product\/karakou-%f0%9f%87%a9%f0%9f%87%bf-2\/"]}]},{"@type":"ImageObject","inLanguage":"fr-FR","@id":"https:\/\/rachidacouture.com\/home\/product\/karakou-%f0%9f%87%a9%f0%9f%87%bf-2\/#primaryimage","url":"https:\/\/i0.wp.com\/rachidacouture.com\/wp-content\/uploads\/2024\/07\/5513fe4f-1ea8-4593-a090-5f90b08d8775.jpeg?fit=1284%2C2282&ssl=1","contentUrl":"https:\/\/i0.wp.com\/rachidacouture.com\/wp-content\/uploads\/2024\/07\/5513fe4f-1ea8-4593-a090-5f90b08d8775.jpeg?fit=1284%2C2282&ssl=1","width":1284,"height":2282},{"@type":"BreadcrumbList","@id":"https:\/\/rachidacouture.com\/home\/product\/karakou-%f0%9f%87%a9%f0%9f%87%bf-2\/#breadcrumb","itemListElement":[{"@type":"ListItem","position":1,"name":"Accueil","item":"https:\/\/rachidacouture.com\/home\/"},{"@type":"ListItem","position":2,"name":"Shop","item":"https:\/\/rachidacouture.com\/home\/shop\/"},{"@type":"ListItem","position":3,"name":"Badroune \ud83c\udde9\ud83c\uddff"}]},{"@type":"WebSite","@id":"https:\/\/rachidacouture.com\/home\/#website","url":"https:\/\/rachidacouture.com\/home\/","name":"Rachida Couture","description":"","potentialAction":[{"@type":"SearchAction","target":{"@type":"EntryPoint","urlTemplate":"https:\/\/rachidacouture.com\/home\/?s={search_term_string}"},"query-input":"required name=search_term_string"}],"inLanguage":"fr-FR"}]}},"jetpack_sharing_enabled":true,"_links":{"self":[{"href":"https:\/\/rachidacouture.com\/home\/wp-json\/wp\/v2\/product\/2255"}],"collection":[{"href":"https:\/\/rachidacouture.com\/home\/wp-json\/wp\/v2\/product"}],"about":[{"href":"https:\/\/rachidacouture.com\/home\/wp-json\/wp\/v2\/types\/product"}],"replies":[{"embeddable":true,"href":"https:\/\/rachidacouture.com\/home\/wp-json\/wp\/v2\/comments?post=2255"}],"wp:featuredmedia":[{"embeddable":true,"href":"https:\/\/rachidacouture.com\/home\/wp-json\/wp\/v2\/media\/2252"}],"wp:attachment":[{"href":"https:\/\/rachidacouture.com\/home\/wp-json\/wp\/v2\/media?parent=2255"}],"wp:term":[{"taxonomy":"product_cat","embeddable":true,"href":"https:\/\/rachidacouture.com\/home\/wp-json\/wp\/v2\/product_cat?post=2255"},{"taxonomy":"product_tag","embeddable":true,"href":"https:\/\/rachidacouture.com\/home\/wp-json\/wp\/v2\/product_tag?post=2255"}],"curies":[{"name":"wp","href":"https:\/\/api.w.org\/{rel}","templated":true}]}}