{"id":3678,"date":"2025-09-09T22:13:26","date_gmt":"2025-09-09T21:13:26","guid":{"rendered":"https:\/\/rachidacouture.com\/home\/?post_type=product&#038;p=3678"},"modified":"2025-12-06T00:04:45","modified_gmt":"2025-12-05T23:04:45","slug":"gandoura-algerienne-%f0%9f%87%a9%f0%9f%87%bf","status":"publish","type":"product","link":"https:\/\/rachidacouture.com\/home\/product\/gandoura-algerienne-%f0%9f%87%a9%f0%9f%87%bf\/","title":{"rendered":"Gandoura Alg\u00e9rienne \ud83c\udde9\ud83c\uddff"},"content":{"rendered":"<p>Coupe : longue, fluide,.<\/p>\n<p>Tissu : satin couleur vert d\u2019eau clair (presque ivoire\/menthe tr\u00e8s doux), qui donne un effet luxueux et lumineux.<\/p>\n<p>Broderies : travaill\u00e9es \u00e0 la main, riches en d\u00e9tails avec des perles dor\u00e9es, des strass scintillants, et des motifs floraux en noir, rose et or.<\/p>\n<p>\u00c9paules : l\u00e9g\u00e8rement bouffantes, d\u00e9cor\u00e9es de broderies imposantes, donnant une allure princi\u00e8re.<\/p>\n<p>Style : tr\u00e8s f\u00e9minin et majestueux, parfait pour les occasions sp\u00e9ciales (f\u00eates, mariages, soir\u00e9es).<\/p>\n<p>C\u2019est une pi\u00e8ce haut de gamme sign\u00e9e Rachida Maison de Couture, m\u00e9langeant tradition et modernit\u00e9.<\/p>\n","protected":false},"excerpt":{"rendered":"<p>Coupe : longue, fluide,. Tissu : satin couleur vert d\u2019eau clair (presque ivoire\/menthe tr\u00e8s doux), qui donne un effet luxueux et lumineux. Broderies : travaill\u00e9es \u00e0 la main, riches en d\u00e9tails avec des perles dor\u00e9es, des strass scintillants, et des motifs floraux en noir, rose et or. \u00c9paules : l\u00e9g\u00e8rement bouffantes, d\u00e9cor\u00e9es de broderies imposantes, [&hellip;]<\/p>\n","protected":false},"featured_media":3684,"comment_status":"open","ping_status":"closed","template":"","meta":{"site-sidebar-layout":"default","site-content-layout":"","ast-site-content-layout":"","site-content-style":"default","site-sidebar-style":"default","ast-global-header-display":"","ast-banner-title-visibility":"","ast-main-header-display":"","ast-hfb-above-header-display":"","ast-hfb-below-header-display":"","ast-hfb-mobile-header-display":"","site-post-title":"","ast-breadcrumbs-content":"","ast-featured-img":"","footer-sml-layout":"","theme-transparent-header-meta":"","adv-header-id-meta":"","stick-header-meta":"","header-above-stick-meta":"","header-main-stick-meta":"","header-below-stick-meta":"","astra-migrate-meta-layouts":"default","ast-page-background-enabled":"default","ast-page-background-meta":{"desktop":{"background-color":"","background-image":"","background-repeat":"repeat","background-position":"center center","background-size":"auto","background-attachment":"scroll","background-type":"","background-media":"","overlay-type":"","overlay-color":"","overlay-gradient":""},"tablet":{"background-color":"","background-image":"","background-repeat":"repeat","background-position":"center center","background-size":"auto","background-attachment":"scroll","background-type":"","background-media":"","overlay-type":"","overlay-color":"","overlay-gradient":""},"mobile":{"background-color":"","background-image":"","background-repeat":"repeat","background-position":"center center","background-size":"auto","background-attachment":"scroll","background-type":"","background-media":"","overlay-type":"","overlay-color":"","overlay-gradient":""}},"ast-content-background-meta":{"desktop":{"background-color":"var(--ast-global-color-5)","background-image":"","background-repeat":"repeat","background-position":"center center","background-size":"auto","background-attachment":"scroll","background-type":"","background-media":"","overlay-type":"","overlay-color":"","overlay-gradient":""},"tablet":{"background-color":"var(--ast-global-color-5)","background-image":"","background-repeat":"repeat","background-position":"center center","background-size":"auto","background-attachment":"scroll","background-type":"","background-media":"","overlay-type":"","overlay-color":"","overlay-gradient":""},"mobile":{"background-color":"var(--ast-global-color-5)","background-image":"","background-repeat":"repeat","background-position":"center center","background-size":"auto","background-attachment":"scroll","background-type":"","background-media":"","overlay-type":"","overlay-color":"","overlay-gradient":""}}},"product_cat":[61,15,17,42,44],"product_tag":[],"acf":[],"yoast_head":"<!-- This site is optimized with the Yoast SEO plugin v22.2 - https:\/\/yoast.com\/wordpress\/plugins\/seo\/ -->\n<title>Gandoura Alg\u00e9rienne \ud83c\udde9\ud83c\uddff - Rachida Couture<\/title>\n<meta name=\"robots\" content=\"index, follow, max-snippet:-1, max-image-preview:large, max-video-preview:-1\" \/>\n<link rel=\"canonical\" href=\"https:\/\/rachidacouture.com\/home\/product\/gandoura-algerienne-\ud83c\udde9\ud83c\uddff\/\" \/>\n<meta property=\"og:locale\" content=\"fr_FR\" \/>\n<meta property=\"og:type\" content=\"article\" \/>\n<meta property=\"og:title\" content=\"Gandoura Alg\u00e9rienne \ud83c\udde9\ud83c\uddff - Rachida Couture\" \/>\n<meta property=\"og:description\" content=\"Coupe : longue, fluide,. Tissu : satin couleur vert d\u2019eau clair (presque ivoire\/menthe tr\u00e8s doux), qui donne un effet luxueux et lumineux. Broderies : travaill\u00e9es \u00e0 la main, riches en d\u00e9tails avec des perles dor\u00e9es, des strass scintillants, et des motifs floraux en noir, rose et or. \u00c9paules : l\u00e9g\u00e8rement bouffantes, d\u00e9cor\u00e9es de broderies imposantes, [&hellip;]\" \/>\n<meta property=\"og:url\" content=\"https:\/\/rachidacouture.com\/home\/product\/gandoura-algerienne-\ud83c\udde9\ud83c\uddff\/\" \/>\n<meta property=\"og:site_name\" content=\"Rachida Couture\" \/>\n<meta property=\"article:publisher\" content=\"https:\/\/www.facebook.com\/RAchidacoutureR\/\" \/>\n<meta property=\"article:modified_time\" content=\"2025-12-05T23:04:45+00:00\" \/>\n<meta property=\"og:image\" content=\"https:\/\/i0.wp.com\/rachidacouture.com\/wp-content\/uploads\/2025\/09\/e3eeed1f-93cc-45c0-b522-75bc81d587e7.jpeg?fit=1320%2C2346&ssl=1\" \/>\n\t<meta property=\"og:image:width\" content=\"1320\" \/>\n\t<meta property=\"og:image:height\" content=\"2346\" \/>\n\t<meta property=\"og:image:type\" content=\"image\/jpeg\" \/>\n<meta name=\"twitter:card\" content=\"summary_large_image\" \/>\n<meta name=\"twitter:label1\" content=\"Dur\u00e9e de lecture estim\u00e9e\" \/>\n\t<meta name=\"twitter:data1\" content=\"1 minute\" \/>\n<script type=\"application\/ld+json\" class=\"yoast-schema-graph\">{\"@context\":\"https:\/\/schema.org\",\"@graph\":[{\"@type\":\"WebPage\",\"@id\":\"https:\/\/rachidacouture.com\/home\/product\/gandoura-algerienne-%f0%9f%87%a9%f0%9f%87%bf\/\",\"url\":\"https:\/\/rachidacouture.com\/home\/product\/gandoura-algerienne-%f0%9f%87%a9%f0%9f%87%bf\/\",\"name\":\"Gandoura Alg\u00e9rienne \ud83c\udde9\ud83c\uddff - Rachida Couture\",\"isPartOf\":{\"@id\":\"https:\/\/rachidacouture.com\/home\/#website\"},\"primaryImageOfPage\":{\"@id\":\"https:\/\/rachidacouture.com\/home\/product\/gandoura-algerienne-%f0%9f%87%a9%f0%9f%87%bf\/#primaryimage\"},\"image\":{\"@id\":\"https:\/\/rachidacouture.com\/home\/product\/gandoura-algerienne-%f0%9f%87%a9%f0%9f%87%bf\/#primaryimage\"},\"thumbnailUrl\":\"https:\/\/i0.wp.com\/rachidacouture.com\/wp-content\/uploads\/2025\/09\/e3eeed1f-93cc-45c0-b522-75bc81d587e7.jpeg?fit=1320%2C2346&ssl=1\",\"datePublished\":\"2025-09-09T21:13:26+00:00\",\"dateModified\":\"2025-12-05T23:04:45+00:00\",\"breadcrumb\":{\"@id\":\"https:\/\/rachidacouture.com\/home\/product\/gandoura-algerienne-%f0%9f%87%a9%f0%9f%87%bf\/#breadcrumb\"},\"inLanguage\":\"fr-FR\",\"potentialAction\":[{\"@type\":\"ReadAction\",\"target\":[\"https:\/\/rachidacouture.com\/home\/product\/gandoura-algerienne-%f0%9f%87%a9%f0%9f%87%bf\/\"]}]},{\"@type\":\"ImageObject\",\"inLanguage\":\"fr-FR\",\"@id\":\"https:\/\/rachidacouture.com\/home\/product\/gandoura-algerienne-%f0%9f%87%a9%f0%9f%87%bf\/#primaryimage\",\"url\":\"https:\/\/i0.wp.com\/rachidacouture.com\/wp-content\/uploads\/2025\/09\/e3eeed1f-93cc-45c0-b522-75bc81d587e7.jpeg?fit=1320%2C2346&ssl=1\",\"contentUrl\":\"https:\/\/i0.wp.com\/rachidacouture.com\/wp-content\/uploads\/2025\/09\/e3eeed1f-93cc-45c0-b522-75bc81d587e7.jpeg?fit=1320%2C2346&ssl=1\",\"width\":1320,\"height\":2346},{\"@type\":\"BreadcrumbList\",\"@id\":\"https:\/\/rachidacouture.com\/home\/product\/gandoura-algerienne-%f0%9f%87%a9%f0%9f%87%bf\/#breadcrumb\",\"itemListElement\":[{\"@type\":\"ListItem\",\"position\":1,\"name\":\"Accueil\",\"item\":\"https:\/\/rachidacouture.com\/home\/\"},{\"@type\":\"ListItem\",\"position\":2,\"name\":\"Shop\",\"item\":\"https:\/\/rachidacouture.com\/home\/shop\/\"},{\"@type\":\"ListItem\",\"position\":3,\"name\":\"Gandoura Alg\u00e9rienne \ud83c\udde9\ud83c\uddff\"}]},{\"@type\":\"WebSite\",\"@id\":\"https:\/\/rachidacouture.com\/home\/#website\",\"url\":\"https:\/\/rachidacouture.com\/home\/\",\"name\":\"Rachida Couture\",\"description\":\"\",\"potentialAction\":[{\"@type\":\"SearchAction\",\"target\":{\"@type\":\"EntryPoint\",\"urlTemplate\":\"https:\/\/rachidacouture.com\/home\/?s={search_term_string}\"},\"query-input\":\"required name=search_term_string\"}],\"inLanguage\":\"fr-FR\"}]}<\/script>\n<!-- \/ Yoast SEO plugin. -->","yoast_head_json":{"title":"Gandoura Alg\u00e9rienne \ud83c\udde9\ud83c\uddff - Rachida Couture","robots":{"index":"index","follow":"follow","max-snippet":"max-snippet:-1","max-image-preview":"max-image-preview:large","max-video-preview":"max-video-preview:-1"},"canonical":"https:\/\/rachidacouture.com\/home\/product\/gandoura-algerienne-\ud83c\udde9\ud83c\uddff\/","og_locale":"fr_FR","og_type":"article","og_title":"Gandoura Alg\u00e9rienne \ud83c\udde9\ud83c\uddff - Rachida Couture","og_description":"Coupe : longue, fluide,. Tissu : satin couleur vert d\u2019eau clair (presque ivoire\/menthe tr\u00e8s doux), qui donne un effet luxueux et lumineux. Broderies : travaill\u00e9es \u00e0 la main, riches en d\u00e9tails avec des perles dor\u00e9es, des strass scintillants, et des motifs floraux en noir, rose et or. \u00c9paules : l\u00e9g\u00e8rement bouffantes, d\u00e9cor\u00e9es de broderies imposantes, [&hellip;]","og_url":"https:\/\/rachidacouture.com\/home\/product\/gandoura-algerienne-\ud83c\udde9\ud83c\uddff\/","og_site_name":"Rachida Couture","article_publisher":"https:\/\/www.facebook.com\/RAchidacoutureR\/","article_modified_time":"2025-12-05T23:04:45+00:00","og_image":[{"width":1320,"height":2346,"url":"https:\/\/i0.wp.com\/rachidacouture.com\/wp-content\/uploads\/2025\/09\/e3eeed1f-93cc-45c0-b522-75bc81d587e7.jpeg?fit=1320%2C2346&ssl=1","type":"image\/jpeg"}],"twitter_card":"summary_large_image","twitter_misc":{"Dur\u00e9e de lecture estim\u00e9e":"1 minute"},"schema":{"@context":"https:\/\/schema.org","@graph":[{"@type":"WebPage","@id":"https:\/\/rachidacouture.com\/home\/product\/gandoura-algerienne-%f0%9f%87%a9%f0%9f%87%bf\/","url":"https:\/\/rachidacouture.com\/home\/product\/gandoura-algerienne-%f0%9f%87%a9%f0%9f%87%bf\/","name":"Gandoura Alg\u00e9rienne \ud83c\udde9\ud83c\uddff - Rachida Couture","isPartOf":{"@id":"https:\/\/rachidacouture.com\/home\/#website"},"primaryImageOfPage":{"@id":"https:\/\/rachidacouture.com\/home\/product\/gandoura-algerienne-%f0%9f%87%a9%f0%9f%87%bf\/#primaryimage"},"image":{"@id":"https:\/\/rachidacouture.com\/home\/product\/gandoura-algerienne-%f0%9f%87%a9%f0%9f%87%bf\/#primaryimage"},"thumbnailUrl":"https:\/\/i0.wp.com\/rachidacouture.com\/wp-content\/uploads\/2025\/09\/e3eeed1f-93cc-45c0-b522-75bc81d587e7.jpeg?fit=1320%2C2346&ssl=1","datePublished":"2025-09-09T21:13:26+00:00","dateModified":"2025-12-05T23:04:45+00:00","breadcrumb":{"@id":"https:\/\/rachidacouture.com\/home\/product\/gandoura-algerienne-%f0%9f%87%a9%f0%9f%87%bf\/#breadcrumb"},"inLanguage":"fr-FR","potentialAction":[{"@type":"ReadAction","target":["https:\/\/rachidacouture.com\/home\/product\/gandoura-algerienne-%f0%9f%87%a9%f0%9f%87%bf\/"]}]},{"@type":"ImageObject","inLanguage":"fr-FR","@id":"https:\/\/rachidacouture.com\/home\/product\/gandoura-algerienne-%f0%9f%87%a9%f0%9f%87%bf\/#primaryimage","url":"https:\/\/i0.wp.com\/rachidacouture.com\/wp-content\/uploads\/2025\/09\/e3eeed1f-93cc-45c0-b522-75bc81d587e7.jpeg?fit=1320%2C2346&ssl=1","contentUrl":"https:\/\/i0.wp.com\/rachidacouture.com\/wp-content\/uploads\/2025\/09\/e3eeed1f-93cc-45c0-b522-75bc81d587e7.jpeg?fit=1320%2C2346&ssl=1","width":1320,"height":2346},{"@type":"BreadcrumbList","@id":"https:\/\/rachidacouture.com\/home\/product\/gandoura-algerienne-%f0%9f%87%a9%f0%9f%87%bf\/#breadcrumb","itemListElement":[{"@type":"ListItem","position":1,"name":"Accueil","item":"https:\/\/rachidacouture.com\/home\/"},{"@type":"ListItem","position":2,"name":"Shop","item":"https:\/\/rachidacouture.com\/home\/shop\/"},{"@type":"ListItem","position":3,"name":"Gandoura Alg\u00e9rienne \ud83c\udde9\ud83c\uddff"}]},{"@type":"WebSite","@id":"https:\/\/rachidacouture.com\/home\/#website","url":"https:\/\/rachidacouture.com\/home\/","name":"Rachida Couture","description":"","potentialAction":[{"@type":"SearchAction","target":{"@type":"EntryPoint","urlTemplate":"https:\/\/rachidacouture.com\/home\/?s={search_term_string}"},"query-input":"required name=search_term_string"}],"inLanguage":"fr-FR"}]}},"jetpack_sharing_enabled":true,"_links":{"self":[{"href":"https:\/\/rachidacouture.com\/home\/wp-json\/wp\/v2\/product\/3678"}],"collection":[{"href":"https:\/\/rachidacouture.com\/home\/wp-json\/wp\/v2\/product"}],"about":[{"href":"https:\/\/rachidacouture.com\/home\/wp-json\/wp\/v2\/types\/product"}],"replies":[{"embeddable":true,"href":"https:\/\/rachidacouture.com\/home\/wp-json\/wp\/v2\/comments?post=3678"}],"wp:featuredmedia":[{"embeddable":true,"href":"https:\/\/rachidacouture.com\/home\/wp-json\/wp\/v2\/media\/3684"}],"wp:attachment":[{"href":"https:\/\/rachidacouture.com\/home\/wp-json\/wp\/v2\/media?parent=3678"}],"wp:term":[{"taxonomy":"product_cat","embeddable":true,"href":"https:\/\/rachidacouture.com\/home\/wp-json\/wp\/v2\/product_cat?post=3678"},{"taxonomy":"product_tag","embeddable":true,"href":"https:\/\/rachidacouture.com\/home\/wp-json\/wp\/v2\/product_tag?post=3678"}],"curies":[{"name":"wp","href":"https:\/\/api.w.org\/{rel}","templated":true}]}}